{"id":437,"date":"2024-03-22T18:43:25","date_gmt":"2024-03-22T18:43:25","guid":{"rendered":"https:\/\/www.metinpolat.net\/blog\/?page_id=437"},"modified":"2024-03-22T18:52:01","modified_gmt":"2024-03-22T18:52:01","slug":"hakkimda","status":"publish","type":"page","link":"https:\/\/www.metinpolat.net\/blog\/hakkimda\/","title":{"rendered":"Hakk\u0131mda"},"content":{"rendered":"\t\t<div data-elementor-type=\"wp-page\" data-elementor-id=\"437\" class=\"elementor elementor-437\">\n\t\t\t\t<div class=\"elementor-element elementor-element-25eb8b11 e-flex e-con-boxed e-con e-parent\" data-id=\"25eb8b11\" data-element_type=\"container\">\n\t\t\t\t\t<div class=\"e-con-inner\">\n\t\t\t\t<div class=\"elementor-element elementor-element-932021f elementor-widget elementor-widget-katen-section-header\" data-id=\"932021f\" data-element_type=\"widget\" data-widget_type=\"katen-section-header.default\">\n\t\t\t\t<div class=\"elementor-widget-container\">\n\t\t\t\t\t\n\t\t\t<div class=\"section-header\">\n\t\t\t\t<h3 class=\"section-title\">HAKKIMDA<\/h3>\n\t\t\t\t\t\t\t\t\t<svg width=\"33\" height=\"6\" xmlns=\"http:\/\/www.w3.org\/2000\/svg\">\n\t\t\t\t\t\t<defs>\n\t\t\t\t\t\t\t<linearGradient id=\"gradient\" x1=\"0%\" y1=\"0%\" x2=\"100%\" y2=\"0%\">\n\t\t\t\t\t\t\t\t<stop offset=\"0%\" stop-color=\"#0f0f0f\"><\/stop>\n\t\t\t\t\t\t\t\t<stop offset=\"100%\" stop-color=\"#4f4e4e\"><\/stop>\n\t\t\t\t\t\t\t<\/linearGradient>\n\t\t\t\t\t\t\t<\/defs>\n\t\t\t\t\t\t<path d=\"M33 1c-3.3 0-3.3 4-6.598 4C23.1 5 23.1 1 19.8 1c-3.3 0-3.3 4-6.599 4-3.3 0-3.3-4-6.6-4S3.303 5 0 5\" stroke=\"url(#gradient)\" stroke-width=\"2\" fill=\"none\"><\/path>\n\t\t\t\t\t<\/svg>\n\t\t\t\t\t\t\t\t\t\t\t<\/div>\n\n        \t\t\t\t<\/div>\n\t\t\t\t<\/div>\n\t\t\t\t<div class=\"elementor-element elementor-element-28c42135 elementor-widget elementor-widget-text-editor\" data-id=\"28c42135\" data-element_type=\"widget\" data-widget_type=\"text-editor.default\">\n\t\t\t\t<div class=\"elementor-widget-container\">\n\t\t\t\t\t\t\t\t\t\n<p>Teknoloji sekt\u00f6r\u00fcnde 12 y\u0131ll\u0131k deneyime sahip deneyimli bir Yaz\u0131l\u0131m Geli\u015ftiricisi olarak verimli, \u00f6l\u00e7eklenebilir ve yenilik\u00e7i yaz\u0131l\u0131m \u00e7\u00f6z\u00fcmleri olu\u015fturma becerilerimi geli\u015ftirdim. Yolculu\u011fum teknolojiye olan tutkum ve yaz\u0131l\u0131m\u0131n ger\u00e7ek d\u00fcnyadaki sorunlar\u0131 nas\u0131l \u00e7\u00f6zebilece\u011fini anlama konusundaki yo\u011fun ilgimle ba\u015flad\u0131. Y\u0131llar ge\u00e7tik\u00e7e, \u00e7e\u015fitli ekipler ve teknolojilerle \u00e7al\u0131\u015fma ayr\u0131cal\u0131\u011f\u0131na sahip oldum ve bu da bana \u00e7ok \u00e7e\u015fitli programlama dilleri ve geli\u015ftirme \u00e7er\u00e7eveleri konusunda yetkin olmam\u0131 sa\u011flad\u0131.<\/p>\n\n\n\n<p>Uzmanl\u0131\u011f\u0131m, Php, Mysql, C#, Asp.net, Mssql, JavaScript, React, Node.js, Python&#8217;a g\u00fc\u00e7l\u00fc bir vurgu yaparak tam y\u0131\u011f\u0131n geli\u015ftirmede yatmaktad\u0131r. Hem front end hem de back end geli\u015ftirmede sa\u011flam bir temele sahibim. Bu da yaz\u0131l\u0131m projelerine b\u00fct\u00fcnsel bir yakla\u015f\u0131m getirmemi sa\u011fl\u0131yor. Becerilerimdeki bu ikilik, kullan\u0131c\u0131 deneyimi ile sistem i\u015flevselli\u011fi aras\u0131ndaki bo\u015flu\u011fu doldurarak kullan\u0131c\u0131 dostu ve verimli uygulamalar\u0131n sunulmas\u0131n\u0131 sa\u011fl\u0131yor.<\/p>\n\n\n\n<p>Kariyerim boyunca k\u00fc\u00e7\u00fck \u00f6l\u00e7ekli web uygulamalar\u0131ndan, kurumsal d\u00fczeydeki karma\u015f\u0131k sistemlere kadar +100&#8217;\u00fcn \u00fczerinde projeye katk\u0131da bulundum.<\/p>\n\n\n\n<p>Yaz\u0131l\u0131m geli\u015ftirme sekt\u00f6r\u00fcn\u00fcn \u00f6n saflar\u0131nda yer almak i\u00e7in s\u00fcrekli olarak yeni teknolojileri ve metodolojileri ara\u015ft\u0131ran, ya\u015fam boyu \u00f6\u011frenen biriyim. \u015eu andaki ilgi alanlar\u0131m aras\u0131nda yaz\u0131l\u0131m ve yapay zeka yer al\u0131yor ve bunlar\u0131 i\u015fime dahil etmek i\u00e7in aktif olarak f\u0131rsatlar ar\u0131yorum.<\/p>\n\n\n\n<p>Teknik yeterliliklerimin yan\u0131 s\u0131ra hem teknik hem de teknik olmayan payda\u015flarla etkin ileti\u015fim kurabilme yetene\u011fimle gurur duyuyorum. A\u00e7\u0131k ileti\u015fimin herhangi bir projenin ba\u015far\u0131s\u0131n\u0131n anahtar\u0131 oldu\u011funa inan\u0131yorum ve her zaman t\u00fcm taraflar\u0131n projenin hedefleri ve ilerlemesi ile ayn\u0131 do\u011frultuda olmas\u0131n\u0131 sa\u011flamak i\u00e7in \u00e7abal\u0131yorum.<\/p>\n\n\n\n<p>\u0130leriye bakt\u0131\u011f\u0131mda, s\u00fcrekli geli\u015fen teknoloji ortam\u0131nda \u00f6n\u00fcm\u00fczde uzanan f\u0131rsatlar beni heyecanland\u0131r\u0131yor. Amac\u0131m, yeni zorluklarla ba\u015fa \u00e7\u0131kmak ve yenilik\u00e7i projelere katk\u0131da bulunmak i\u00e7in deneyimlerimi ve becerilerimi kullanarak fark yaratan yaz\u0131l\u0131mlar geli\u015ftirmeye devam etmektir.<\/p>\n\n\n\n<p>Her zaman yeni projeleri ve yenilik\u00e7i fikirleri tart\u0131\u015fmaya ilgi duyar\u0131m, bu nedenle developer@metinpolat.net adresinden bana ula\u015fmaktan \u00e7ekinmeyin.<\/p>\n\t\t\t\t\t\t\t\t<\/div>\n\t\t\t\t<\/div>\n\t\t\t\t\t<\/div>\n\t\t\t\t<\/div>\n\t\t\t\t<\/div>\n\t\t","protected":false},"excerpt":{"rendered":"<p>HAKKIMDA Teknoloji sekt\u00f6r\u00fcnde 12 y\u0131ll\u0131k deneyime sahip deneyimli bir Yaz\u0131l\u0131m Geli\u015ftiricisi olarak verimli, \u00f6l\u00e7eklenebilir ve yenilik\u00e7i yaz\u0131l\u0131m \u00e7\u00f6z\u00fcmleri olu\u015fturma becerilerimi geli\u015ftirdim. Yolculu\u011fum teknolojiye olan tutkum ve yaz\u0131l\u0131m\u0131n ger\u00e7ek d\u00fcnyadaki sorunlar\u0131 nas\u0131l \u00e7\u00f6zebilece\u011fini anlama konusundaki yo\u011fun ilgimle ba\u015flad\u0131. Y\u0131llar ge\u00e7tik\u00e7e, \u00e7e\u015fitli ekipler ve teknolojilerle \u00e7al\u0131\u015fma ayr\u0131cal\u0131\u011f\u0131na sahip oldum ve bu da bana \u00e7ok \u00e7e\u015fitli programlama dilleri [&hellip;]<\/p>\n","protected":false},"author":1,"featured_media":0,"parent":0,"menu_order":0,"comment_status":"closed","ping_status":"closed","template":"elementor_header_footer","meta":{"footnotes":""},"class_list":["post-437","page","type-page","status-publish","hentry"],"_links":{"self":[{"href":"https:\/\/www.metinpolat.net\/blog\/wp-json\/wp\/v2\/pages\/437","targetHints":{"allow":["GET"]}}],"collection":[{"href":"https:\/\/www.metinpolat.net\/blog\/wp-json\/wp\/v2\/pages"}],"about":[{"href":"https:\/\/www.metinpolat.net\/blog\/wp-json\/wp\/v2\/types\/page"}],"author":[{"embeddable":true,"href":"https:\/\/www.metinpolat.net\/blog\/wp-json\/wp\/v2\/users\/1"}],"replies":[{"embeddable":true,"href":"https:\/\/www.metinpolat.net\/blog\/wp-json\/wp\/v2\/comments?post=437"}],"version-history":[{"count":7,"href":"https:\/\/www.metinpolat.net\/blog\/wp-json\/wp\/v2\/pages\/437\/revisions"}],"predecessor-version":[{"id":444,"href":"https:\/\/www.metinpolat.net\/blog\/wp-json\/wp\/v2\/pages\/437\/revisions\/444"}],"wp:attachment":[{"href":"https:\/\/www.metinpolat.net\/blog\/wp-json\/wp\/v2\/media?parent=437"}],"curies":[{"name":"wp","href":"https:\/\/api.w.org\/{rel}","templated":true}]}}